{"id":3522,"date":"2017-04-27T17:07:05","date_gmt":"2017-04-27T17:07:05","guid":{"rendered":"http:\/\/blogdareitora.ifac.edu.br\/?page_id=3522"},"modified":"2019-06-03T16:43:59","modified_gmt":"2019-06-03T19:43:59","slug":"prestacao-de-contas","status":"publish","type":"page","link":"https:\/\/web.ifac.edu.br\/reitora\/prestacao-de-contas\/","title":{"rendered":"Presta\u00e7\u00e3o de Contas"},"content":{"rendered":"<blockquote><p><strong><a href=\"https:\/\/portal.ifac.edu.br\/images\/conteudo\/materias\/2017\/Abril\/WhatsApp-Image-2017-04-26-at-14.04.01.jpeg\" target=\"_blank\" rel=\"noopener noreferrer\">1\u00aa\u00a0edi\u00e7\u00e3o &#8211; Abril de 2015 (Reitora\u00a0<em>pro tempore<\/em>);<\/a><\/strong><\/p>\n<p><strong><a href=\"https:\/\/portal.ifac.edu.br\/images\/conteudo\/documentos\/GABIN\/relatorio_2017.png\" target=\"_blank\" rel=\"noopener noreferrer\">2\u00aa edi\u00e7\u00e3o &#8211; Abril de 2017 (Gest\u00e3o Eleita);<\/a><\/strong><\/p>\n<p><strong><a href=\"https:\/\/infogram.com\/2-anos-de-gestao-ifac-1h7z2l11370x4ow\" target=\"_blank\" rel=\"noopener noreferrer\">3\u00aa edi\u00e7\u00e3o &#8211; Abril de 2018 (Gest\u00e3o Eleita);<\/a><\/strong><\/p>\n<p><strong><a href=\"https:\/\/portal.ifac.edu.br\/images\/conteudo\/documentos\/GABIN\/relatrio_gesto_2018_2019.pdf\">4\u00aa edi\u00e7\u00e3o &#8211; Abril de 2019 (Gest\u00e3o Eleita);<\/a><\/strong><\/p><\/blockquote>\n<p>&nbsp;<\/p>\n","protected":false},"excerpt":{"rendered":"<p>1\u00aa\u00a0edi\u00e7\u00e3o &#8211; Abril de 2015 (Reitora\u00a0pro tempore); 2\u00aa edi\u00e7\u00e3o &#8211; Abril de 2017 (Gest\u00e3o Eleita); 3\u00aa edi\u00e7\u00e3o &#8211; Abril de 2018 (Gest\u00e3o Eleita); 4\u00aa edi\u00e7\u00e3o &#8211; Abril de 2019 (Gest\u00e3o Eleita); &nbsp;<\/p>\n","protected":false},"author":16,"featured_media":0,"parent":0,"menu_order":0,"comment_status":"closed","ping_status":"closed","template":"","meta":{"footnotes":""},"class_list":["post-3522","page","type-page","status-publish","hentry"],"_links":{"self":[{"href":"https:\/\/web.ifac.edu.br\/reitora\/wp-json\/wp\/v2\/pages\/3522","targetHints":{"allow":["GET"]}}],"collection":[{"href":"https:\/\/web.ifac.edu.br\/reitora\/wp-json\/wp\/v2\/pages"}],"about":[{"href":"https:\/\/web.ifac.edu.br\/reitora\/wp-json\/wp\/v2\/types\/page"}],"author":[{"embeddable":true,"href":"https:\/\/web.ifac.edu.br\/reitora\/wp-json\/wp\/v2\/users\/16"}],"replies":[{"embeddable":true,"href":"https:\/\/web.ifac.edu.br\/reitora\/wp-json\/wp\/v2\/comments?post=3522"}],"version-history":[{"count":0,"href":"https:\/\/web.ifac.edu.br\/reitora\/wp-json\/wp\/v2\/pages\/3522\/revisions"}],"wp:attachment":[{"href":"https:\/\/web.ifac.edu.br\/reitora\/wp-json\/wp\/v2\/media?parent=3522"}],"curies":[{"name":"wp","href":"https:\/\/api.w.org\/{rel}","templated":true}]}}

Prestação de Contas

<blockquote><p><strong><a href="https://portal.ifac.edu.br/images/conteudo/materias/2017/Abril/WhatsApp-Image-2017-04-26-at-14.04.01.jpeg" target="_blank" rel="noopener noreferrer">1ª edição &#8211; Abril de 2015 (Reitora <em>pro tempore</em>);</a></strong></p>
<p><strong><a href="https://portal.ifac.edu.br/images/conteudo/documentos/GABIN/relatorio_2017.png" target="_blank" rel="noopener noreferrer">2ª edição &#8211; Abril de 2017 (Gestão Eleita);</a></strong></p>
<p><strong><a href="https://infogram.com/2-anos-de-gestao-ifac-1h7z2l11370x4ow" target="_blank" rel="noopener noreferrer">3ª edição &#8211; Abril de 2018 (Gestão Eleita);</a></strong></p>
<p><strong><a href="https://portal.ifac.edu.br/images/conteudo/documentos/GABIN/relatrio_gesto_2018_2019.pdf">4ª edição &#8211; Abril de 2019 (Gestão Eleita);</a></strong></p></blockquote>
<p>&nbsp;</p>

<p>1ª edição &#8211; Abril de 2015 (Reitora pro tempore); 2ª edição &#8211; Abril de 2017 (Gestão Eleita); 3ª edição &#8211; Abril de 2018 (Gestão Eleita); 4ª edição &#8211; Abril de 2019 (Gestão Eleita); &nbsp;</p>
