{"id":45,"date":"2019-12-10T18:16:59","date_gmt":"2019-12-10T20:16:59","guid":{"rendered":"http:\/\/web.ifac.edu.br\/profept\/?page_id=45"},"modified":"2026-03-31T13:24:18","modified_gmt":"2026-03-31T16:24:18","slug":"docentes","status":"publish","type":"page","link":"https:\/\/web.ifac.edu.br\/profept\/documentos\/docentes\/","title":{"rendered":"DOCENTES"},"content":{"rendered":"<table width=\"845\">\n<tbody>\n<tr>\n<td width=\"149\"><strong>NOME<\/strong><\/td>\n<td width=\"109\"><strong>CAMPUS<\/strong><\/td>\n<td width=\"239\"><strong>CONTATO<\/strong><\/td>\n<td width=\"339\"><strong>LINK CURRICULO LATTES<\/strong><\/td>\n<\/tr>\n<tr>\n<td width=\"149\">Am\u00e9lia Maria Lima Garcia<\/td>\n<td width=\"109\">Avan\u00e7ado Baixada do Sol<\/td>\n<td width=\"239\">amelia.garcia@ifac.edu.br<\/td>\n<td width=\"339\"><a href=\"http:\/\/lattes.cnpq.br\/4075618794299559\">http:\/\/lattes.cnpq.br\/4075618794299559<\/a><\/td>\n<\/tr>\n<tr>\n<td width=\"149\">Cleilton Sampaio de Farias<\/td>\n<td width=\"109\">Rio Branco<\/td>\n<td width=\"239\">cleilton.farias@ifac.edu.br<\/td>\n<td width=\"339\"><a href=\"http:\/\/lattes.cnpq.br\/4495648642048152\">http:\/\/lattes.cnpq.br\/4495648642048152<\/a><\/td>\n<\/tr>\n<tr>\n<td width=\"149\">Edilene da Silva Ferreira<\/td>\n<td width=\"109\">Rio Branco<\/td>\n<td width=\"239\">edilene.ferreira@ifac.edu.br<\/td>\n<td width=\"339\"><a href=\"http:\/\/lattes.cnpq.br\/3963486063245298\">http:\/\/lattes.cnpq.br\/3963486063245298<\/a><\/td>\n<\/tr>\n<tr>\n<td width=\"149\">Jo\u00e3o Ricardo Avelino Le\u00e3o<\/td>\n<td width=\"109\">Tarauac\u00e1<\/td>\n<td width=\"239\">joao.aleao@ifac.edu.br<\/td>\n<td width=\"339\"><a href=\"http:\/\/lattes.cnpq.br\/0798910105955250\">http:\/\/lattes.cnpq.br\/0798910105955250<\/a><\/td>\n<\/tr>\n<tr>\n<td width=\"149\">Jos\u00e9 Julio C\u00e9sar do Nascimento Ara\u00fajo<\/td>\n<td width=\"109\">Rio Branco<\/td>\n<td width=\"239\">jose.araujo@ifac.edu.br<\/td>\n<td width=\"339\"><a href=\"http:\/\/lattes.cnpq.br\/6371909502807124\">http:\/\/lattes.cnpq.br\/6371909502807124<\/a><\/td>\n<\/tr>\n<tr>\n<td width=\"149\">Jos\u00e9 Marlo Ara\u00fajo de Azevedo<\/td>\n<td width=\"109\">Cruzeiro do Sul<\/td>\n<td width=\"239\">jose.azevedo@ifac.edu.br<\/td>\n<td width=\"339\"><a href=\"http:\/\/lattes.cnpq.br\/7799603587206771\">http:\/\/lattes.cnpq.br\/7799603587206771<\/a><\/td>\n<\/tr>\n<tr>\n<td width=\"149\">Josina Maria Pontes Ribeiro<\/td>\n<td width=\"109\">Rio Branco<\/td>\n<td width=\"239\">josina.ribeiro@ifac.edu.br<\/td>\n<td width=\"339\"><a href=\"http:\/\/lattes.cnpq.br\/7550278243707140\">http:\/\/lattes.cnpq.br\/7550278243707140<\/a><\/td>\n<\/tr>\n<tr>\n<td width=\"149\">Luis Pedro de Melo Plese<\/td>\n<td width=\"109\">Rio Branco<\/td>\n<td width=\"239\">pedro.plese@ifac.edu.br<\/td>\n<td width=\"339\"><a href=\"http:\/\/lattes.cnpq.br\/6163781969803474\">http:\/\/lattes.cnpq.br\/6163781969803474<\/a><\/td>\n<\/tr>\n<tr>\n<td width=\"149\">M\u00e1rio S\u00e9rgio Pedroza Lob\u00e3o<\/td>\n<td width=\"109\">Rio Branco<\/td>\n<td width=\"239\">mario.lobao@ifac.edu.br<\/td>\n<td width=\"339\"><a href=\"http:\/\/lattes.cnpq.br\/9823948342207298\">http:\/\/lattes.cnpq.br\/9823948342207298<\/a><\/td>\n<\/tr>\n<tr>\n<td width=\"149\">Renata Gomes de Abreu Freitas<\/td>\n<td width=\"109\">Rio Branco<\/td>\n<td width=\"239\">renata.freitas@ifac.edu.br<\/td>\n<td width=\"339\"><a href=\"http:\/\/lattes.cnpq.br\/4682352321646402\">http:\/\/lattes.cnpq.br\/4682352321646402<\/a><\/td>\n<\/tr>\n<\/tbody>\n<\/table>\n<p>&nbsp;<\/p>\n","protected":false},"excerpt":{"rendered":"<p>NOME CAMPUS CONTATO LINK CURRICULO LATTES Am\u00e9lia Maria Lima Garcia Avan\u00e7ado Baixada do Sol amelia.garcia@ifac.edu.br http:\/\/lattes.cnpq.br\/4075618794299559 Cleilton Sampaio de Farias Rio Branco cleilton.farias@ifac.edu.br http:\/\/lattes.cnpq.br\/4495648642048152 Edilene da Silva Ferreira Rio Branco edilene.ferreira@ifac.edu.br http:\/\/lattes.cnpq.br\/3963486063245298 Jo\u00e3o Ricardo Avelino Le\u00e3o Tarauac\u00e1 joao.aleao@ifac.edu.br http:\/\/lattes.cnpq.br\/0798910105955250 Jos\u00e9 Julio C\u00e9sar do Nascimento Ara\u00fajo Rio Branco jose.araujo@ifac.edu.br http:\/\/lattes.cnpq.br\/6371909502807124 Jos\u00e9 Marlo Ara\u00fajo de Azevedo Cruzeiro &#8230; <a title=\"DOCENTES\" class=\"read-more\" href=\"https:\/\/web.ifac.edu.br\/profept\/documentos\/docentes\/\" aria-label=\"Read more about DOCENTES\">Ler mais<\/a><\/p>\n","protected":false},"author":27,"featured_media":0,"parent":18,"menu_order":3,"comment_status":"closed","ping_status":"closed","template":"","meta":{"footnotes":""},"class_list":["post-45","page","type-page","status-publish"],"_links":{"self":[{"href":"https:\/\/web.ifac.edu.br\/profept\/wp-json\/wp\/v2\/pages\/45","targetHints":{"allow":["GET"]}}],"collection":[{"href":"https:\/\/web.ifac.edu.br\/profept\/wp-json\/wp\/v2\/pages"}],"about":[{"href":"https:\/\/web.ifac.edu.br\/profept\/wp-json\/wp\/v2\/types\/page"}],"author":[{"embeddable":true,"href":"https:\/\/web.ifac.edu.br\/profept\/wp-json\/wp\/v2\/users\/27"}],"replies":[{"embeddable":true,"href":"https:\/\/web.ifac.edu.br\/profept\/wp-json\/wp\/v2\/comments?post=45"}],"version-history":[{"count":0,"href":"https:\/\/web.ifac.edu.br\/profept\/wp-json\/wp\/v2\/pages\/45\/revisions"}],"up":[{"embeddable":true,"href":"https:\/\/web.ifac.edu.br\/profept\/wp-json\/wp\/v2\/pages\/18"}],"wp:attachment":[{"href":"https:\/\/web.ifac.edu.br\/profept\/wp-json\/wp\/v2\/media?parent=45"}],"curies":[{"name":"wp","href":"https:\/\/api.w.org\/{rel}","templated":true}]}}