{"id":43,"date":"2019-12-10T18:16:45","date_gmt":"2019-12-10T20:16:45","guid":{"rendered":"http:\/\/web.ifac.edu.br\/profept\/?page_id=43"},"modified":"2020-12-07T17:52:48","modified_gmt":"2020-12-07T20:52:48","slug":"area-concentracao","status":"publish","type":"page","link":"https:\/\/web.ifac.edu.br\/profept\/documentos\/area-concentracao\/","title":{"rendered":"\u00c1REAS DE CONCENTRA\u00c7\u00c3O"},"content":{"rendered":"\t\t<div data-elementor-type=\"wp-page\" data-elementor-id=\"43\" class=\"elementor elementor-43\" data-elementor-settings=\"{&quot;ha_cmc_init_switcher&quot;:&quot;no&quot;}\" data-elementor-post-type=\"page\">\n\t\t\t\t\t\t<section class=\"elementor-section elementor-top-section elementor-element elementor-element-597c41d1 elementor-section-boxed elementor-section-height-default elementor-section-height-default\" data-id=\"597c41d1\" data-element_type=\"section\" data-e-type=\"section\" data-settings=\"{&quot;_ha_eqh_enable&quot;:false}\">\n\t\t\t\t\t\t<div class=\"elementor-container elementor-column-gap-default\">\n\t\t\t\t\t<div class=\"elementor-column elementor-col-100 elementor-top-column elementor-element elementor-element-6b0d503\" data-id=\"6b0d503\" data-element_type=\"column\" data-e-type=\"column\">\n\t\t\t<div class=\"elementor-widget-wrap elementor-element-populated\">\n\t\t\t\t\t\t<div class=\"elementor-element elementor-element-11205c1b elementor-widget elementor-widget-text-editor\" data-id=\"11205c1b\" data-element_type=\"widget\" data-e-type=\"widget\" data-widget_type=\"text-editor.default\">\n\t\t\t\t<div class=\"elementor-widget-container\">\n\t\t\t\t\t\t\t\t\t<h3><strong>Linhas de Pesquisas\u00a0<\/strong><\/h3><h3><em>Pr\u00e1ticas Educativas em Educa\u00e7\u00e3o Profissional e Tecnol\u00f3gica (EPT)<\/em><\/h3><p>Trata dos fundamentos das pr\u00e1ticas educativas e do desenvolvimento curricular na Educa\u00e7\u00e3o Profissional e Tecnol\u00f3gica, em suas diversas formas de oferta, com foco nas estrat\u00e9gias transversais e interdisciplinares, que possibilitem forma\u00e7\u00e3o integral e significativa do estudante, sustentados no trabalho como princ\u00edpio educativo e na pesquisa como princ\u00edpio pedag\u00f3gico, em espa\u00e7os formais e n\u00e3o formais. Considera, tamb\u00e9m, \u00e0s quest\u00f5es relacionadas \u00e0 Educa\u00e7\u00e3o de Jovens e Adultos, \u00e0 Educa\u00e7\u00e3o Ind\u00edgena, \u00e0 Educa\u00e7\u00e3o e Rela\u00e7\u00f5es \u00c9tnico-raciais, \u00e0 Educa\u00e7\u00e3o Quilombola, \u00e0 Educa\u00e7\u00e3o do Campo, \u00e0s Quest\u00f5es de G\u00eanero e \u00e0 Educa\u00e7\u00e3o para Pessoas com Defici\u00eancias (PCDs) e sua rela\u00e7\u00e3o com as diversas pr\u00e1ticas do mundo do trabalho.<\/p><h3><em>Organiza\u00e7\u00e3o e Mem\u00f3rias de Espa\u00e7os Pedag\u00f3gicos na Educa\u00e7\u00e3o Profissional e Tecnol\u00f3gica (EPT)<\/em><\/h3><p>Trata dos processos de concep\u00e7\u00e3o e organiza\u00e7\u00e3o do espa\u00e7o pedag\u00f3gico na Educa\u00e7\u00e3o Profissional e Tecnol\u00f3gica, com foco nas estrat\u00e9gias transversais e interdisciplinares, que possibilitem forma\u00e7\u00e3o integral e significativa do estudante, sustentados no trabalho como princ\u00edpio educativo e na pesquisa como princ\u00edpio pedag\u00f3gico, em espa\u00e7os formais e n\u00e3o formais. Considera, tamb\u00e9m, a constru\u00e7\u00e3o temporal, atrav\u00e9s dos estudos de mem\u00f3ria da Educa\u00e7\u00e3o Profissional e Tecnol\u00f3gica, que ao longo do tempo, vem configurando os processos de ensino e de organiza\u00e7\u00e3o de seus espa\u00e7os pedag\u00f3gicos.<\/p><p>Clique <strong><a href=\"https:\/\/profept.ifes.edu.br\/areadeconcentracao?start=1\" target=\"_blank\" rel=\"noopener\">aqui<\/a><\/strong> e acesse as informa\u00e7\u00f5es sobre as \u00e1reas de concentra\u00e7\u00e3o do ProfEPT no site nacional.\u00a0<\/p>\t\t\t\t\t\t\t\t<\/div>\n\t\t\t\t<\/div>\n\t\t\t\t\t<\/div>\n\t\t<\/div>\n\t\t\t\t\t<\/div>\n\t\t<\/section>\n\t\t\t\t<\/div>\n\t\t","protected":false},"excerpt":{"rendered":"<p>Linhas de Pesquisas\u00a0 Pr\u00e1ticas Educativas em Educa\u00e7\u00e3o Profissional e Tecnol\u00f3gica (EPT) Trata dos fundamentos das pr\u00e1ticas educativas e do desenvolvimento curricular na Educa\u00e7\u00e3o Profissional e Tecnol\u00f3gica, em suas diversas formas de oferta, com foco nas estrat\u00e9gias transversais e interdisciplinares, que possibilitem forma\u00e7\u00e3o integral e significativa do estudante, sustentados no trabalho como princ\u00edpio educativo e na &#8230; <a title=\"\u00c1REAS DE CONCENTRA\u00c7\u00c3O\" class=\"read-more\" href=\"https:\/\/web.ifac.edu.br\/profept\/documentos\/area-concentracao\/\" aria-label=\"Read more about \u00c1REAS DE CONCENTRA\u00c7\u00c3O\">Ler mais<\/a><\/p>\n","protected":false},"author":27,"featured_media":0,"parent":18,"menu_order":2,"comment_status":"closed","ping_status":"closed","template":"","meta":{"footnotes":""},"class_list":["post-43","page","type-page","status-publish"],"_links":{"self":[{"href":"https:\/\/web.ifac.edu.br\/profept\/wp-json\/wp\/v2\/pages\/43","targetHints":{"allow":["GET"]}}],"collection":[{"href":"https:\/\/web.ifac.edu.br\/profept\/wp-json\/wp\/v2\/pages"}],"about":[{"href":"https:\/\/web.ifac.edu.br\/profept\/wp-json\/wp\/v2\/types\/page"}],"author":[{"embeddable":true,"href":"https:\/\/web.ifac.edu.br\/profept\/wp-json\/wp\/v2\/users\/27"}],"replies":[{"embeddable":true,"href":"https:\/\/web.ifac.edu.br\/profept\/wp-json\/wp\/v2\/comments?post=43"}],"version-history":[{"count":0,"href":"https:\/\/web.ifac.edu.br\/profept\/wp-json\/wp\/v2\/pages\/43\/revisions"}],"up":[{"embeddable":true,"href":"https:\/\/web.ifac.edu.br\/profept\/wp-json\/wp\/v2\/pages\/18"}],"wp:attachment":[{"href":"https:\/\/web.ifac.edu.br\/profept\/wp-json\/wp\/v2\/media?parent=43"}],"curies":[{"name":"wp","href":"https:\/\/api.w.org\/{rel}","templated":true}]}}

ÁREAS DE CONCENTRAÇÃO

<div data-elementor-type="wp-page" data-elementor-id="43" class="elementor elementor-43" data-elementor-settings="{&quot;ha_cmc_init_switcher&quot;:&quot;no&quot;}" data-elementor-post-type="page">
						<section class="elementor-section elementor-top-section elementor-element elementor-element-597c41d1 elementor-section-boxed elementor-section-height-default elementor-section-height-default" data-id="597c41d1" data-element_type="section" data-e-type="section" data-settings="{&quot;_ha_eqh_enable&quot;:false}">
						<div class="elementor-container elementor-column-gap-default">
					<div class="elementor-column elementor-col-100 elementor-top-column elementor-element elementor-element-6b0d503" data-id="6b0d503" data-element_type="column" data-e-type="column">
			<div class="elementor-widget-wrap elementor-element-populated">
						<div class="elementor-element elementor-element-11205c1b elementor-widget elementor-widget-text-editor" data-id="11205c1b" data-element_type="widget" data-e-type="widget" data-widget_type="text-editor.default">
				<div class="elementor-widget-container">
									<h3><strong>Linhas de Pesquisas </strong></h3><h3><em>Práticas Educativas em Educação Profissional e Tecnológica (EPT)</em></h3><p>Trata dos fundamentos das práticas educativas e do desenvolvimento curricular na Educação Profissional e Tecnológica, em suas diversas formas de oferta, com foco nas estratégias transversais e interdisciplinares, que possibilitem formação integral e significativa do estudante, sustentados no trabalho como princípio educativo e na pesquisa como princípio pedagógico, em espaços formais e não formais. Considera, também, às questões relacionadas à Educação de Jovens e Adultos, à Educação Indígena, à Educação e Relações Étnico-raciais, à Educação Quilombola, à Educação do Campo, às Questões de Gênero e à Educação para Pessoas com Deficiências (PCDs) e sua relação com as diversas práticas do mundo do trabalho.</p><h3><em>Organização e Memórias de Espaços Pedagógicos na Educação Profissional e Tecnológica (EPT)</em></h3><p>Trata dos processos de concepção e organização do espaço pedagógico na Educação Profissional e Tecnológica, com foco nas estratégias transversais e interdisciplinares, que possibilitem formação integral e significativa do estudante, sustentados no trabalho como princípio educativo e na pesquisa como princípio pedagógico, em espaços formais e não formais. Considera, também, a construção temporal, através dos estudos de memória da Educação Profissional e Tecnológica, que ao longo do tempo, vem configurando os processos de ensino e de organização de seus espaços pedagógicos.</p><p>Clique <strong><a href="https://profept.ifes.edu.br/areadeconcentracao?start=1" target="_blank" rel="noopener">aqui</a></strong> e acesse as informações sobre as áreas de concentração do ProfEPT no site nacional. </p>								</div>
				</div>
					</div>
		</div>
					</div>
		</section>
				</div>

<p>Linhas de Pesquisas  Práticas Educativas em Educação Profissional e Tecnológica (EPT) Trata dos fundamentos das práticas educativas e do desenvolvimento curricular na Educação Profissional e Tecnológica, em suas diversas formas de oferta, com foco nas estratégias transversais e interdisciplinares, que possibilitem formação integral e significativa do estudante, sustentados no trabalho como princípio educativo e na &#8230; <a title="ÁREAS DE CONCENTRAÇÃO" class="read-more" href="https://web.ifac.edu.br/profept/documentos/area-concentracao/" aria-label="Read more about ÁREAS DE CONCENTRAÇÃO">Ler mais</a></p>
