{"id":426,"date":"2020-09-09T16:21:56","date_gmt":"2020-09-09T19:21:56","guid":{"rendered":"http:\/\/web.ifac.edu.br\/profept\/?page_id=426"},"modified":"2020-10-18T01:40:49","modified_gmt":"2020-10-18T04:40:49","slug":"defesas","status":"publish","type":"page","link":"https:\/\/web.ifac.edu.br\/profept\/defesas\/","title":{"rendered":"QUALIFICA\u00c7\u00d5ES E DEFESAS"},"content":{"rendered":"<h1 style=\"text-align: center\"><strong><a href=\"https:\/\/docs.google.com\/spreadsheets\/d\/e\/2PACX-1vQUTGyqvX6lc4g9WmEy52n-eUgXeGkzDVV8Ncf1wK2iqYdF0g4Y1TCQNiklWH6KrIQkc1MOJg0UXJS4\/pubhtml?gid=0&amp;single=true\" target=\"_blank\" rel=\"noopener noreferrer\">ACESSE AQUI A AGENDA DE QUALIFICA\u00c7\u00c3O DE PROJETOS E DEFESAS DE DISSERTA\u00c7\u00c3O &#8211; PROFEPT\/IFAC<\/a><\/strong><\/h1>\n","protected":false},"excerpt":{"rendered":"<p>ACESSE AQUI A AGENDA DE QUALIFICA\u00c7\u00c3O DE PROJETOS E DEFESAS DE DISSERTA\u00c7\u00c3O &#8211; PROFEPT\/IFAC<\/p>\n","protected":false},"author":27,"featured_media":0,"parent":0,"menu_order":0,"comment_status":"closed","ping_status":"closed","template":"","meta":{"footnotes":""},"class_list":["post-426","page","type-page","status-publish"],"_links":{"self":[{"href":"https:\/\/web.ifac.edu.br\/profept\/wp-json\/wp\/v2\/pages\/426","targetHints":{"allow":["GET"]}}],"collection":[{"href":"https:\/\/web.ifac.edu.br\/profept\/wp-json\/wp\/v2\/pages"}],"about":[{"href":"https:\/\/web.ifac.edu.br\/profept\/wp-json\/wp\/v2\/types\/page"}],"author":[{"embeddable":true,"href":"https:\/\/web.ifac.edu.br\/profept\/wp-json\/wp\/v2\/users\/27"}],"replies":[{"embeddable":true,"href":"https:\/\/web.ifac.edu.br\/profept\/wp-json\/wp\/v2\/comments?post=426"}],"version-history":[{"count":0,"href":"https:\/\/web.ifac.edu.br\/profept\/wp-json\/wp\/v2\/pages\/426\/revisions"}],"wp:attachment":[{"href":"https:\/\/web.ifac.edu.br\/profept\/wp-json\/wp\/v2\/media?parent=426"}],"curies":[{"name":"wp","href":"https:\/\/api.w.org\/{rel}","templated":true}]}}