{"id":25,"date":"2019-12-10T17:51:43","date_gmt":"2019-12-10T19:51:43","guid":{"rendered":"http:\/\/web.ifac.edu.br\/profept\/?page_id=25"},"modified":"2026-03-09T13:41:29","modified_gmt":"2026-03-09T16:41:29","slug":"contatos","status":"publish","type":"page","link":"https:\/\/web.ifac.edu.br\/profept\/contatos\/","title":{"rendered":"CONTATOS"},"content":{"rendered":"\t\t<div data-elementor-type=\"wp-page\" data-elementor-id=\"25\" class=\"elementor elementor-25\" data-elementor-settings=\"{&quot;ha_cmc_init_switcher&quot;:&quot;no&quot;}\" data-elementor-post-type=\"page\">\n\t\t\t\t\t\t<section class=\"elementor-section elementor-top-section elementor-element elementor-element-6ca89653 elementor-section-boxed elementor-section-height-default elementor-section-height-default\" data-id=\"6ca89653\" data-element_type=\"section\" data-e-type=\"section\" data-settings=\"{&quot;_ha_eqh_enable&quot;:false}\">\n\t\t\t\t\t\t<div class=\"elementor-container elementor-column-gap-default\">\n\t\t\t\t\t<div class=\"elementor-column elementor-col-100 elementor-top-column elementor-element elementor-element-3677cb87\" data-id=\"3677cb87\" data-element_type=\"column\" data-e-type=\"column\">\n\t\t\t<div class=\"elementor-widget-wrap elementor-element-populated\">\n\t\t\t\t\t\t<div class=\"elementor-element elementor-element-5c51d235 elementor-widget elementor-widget-text-editor\" data-id=\"5c51d235\" data-element_type=\"widget\" data-e-type=\"widget\" data-widget_type=\"text-editor.default\">\n\t\t\t\t<div class=\"elementor-widget-container\">\n\t\t\t\t\t\t\t\t\t<h5><strong>Coordena\u00e7\u00e3o Acad\u00eamica Local<\/strong><\/h5><ul><li>Prof. Dr. Jos\u00e9 J\u00falio Cesar do Nascimento Ara\u00fajo -Coordenador Local<\/li><li>Prof. Dr. Lu\u00eds Pedro de Melo Plese &#8211; Coordenador Adjunto<\/li><\/ul><h5>Instituto Federal de Educa\u00e7\u00e3o Ci\u00eancia e Tecnologia do Acre (Ifac)\/Campus Rio Branco<\/h5><h5>Av. Brasil, n\u00b0 920 &#8211; Bairro Xavier Maia<br \/>Rio Branco\/AC &#8211; CEP: 69.909-760<br \/><strong>Telefone:<\/strong>\u00a0+ 55 68 2106-5908<\/h5><h5><strong>E-mail<\/strong>: <a href=\"mailto:profeptifac@ifac.edu.br\">profeptifac@ifac.edu.b<\/a><\/h5>\t\t\t\t\t\t\t\t<\/div>\n\t\t\t\t<\/div>\n\t\t\t\t\t<\/div>\n\t\t<\/div>\n\t\t\t\t\t<\/div>\n\t\t<\/section>\n\t\t\t\t<\/div>\n\t\t","protected":false},"excerpt":{"rendered":"<p>Coordena\u00e7\u00e3o Acad\u00eamica Local Prof. Dr. Jos\u00e9 J\u00falio Cesar do Nascimento Ara\u00fajo -Coordenador Local Prof. Dr. Lu\u00eds Pedro de Melo Plese &#8211; Coordenador Adjunto Instituto Federal de Educa\u00e7\u00e3o Ci\u00eancia e Tecnologia do Acre (Ifac)\/Campus Rio Branco Av. Brasil, n\u00b0 920 &#8211; Bairro Xavier MaiaRio Branco\/AC &#8211; CEP: 69.909-760Telefone:\u00a0+ 55 68 2106-5908 E-mail: profeptifac@ifac.edu.b<\/p>\n","protected":false},"author":27,"featured_media":0,"parent":0,"menu_order":0,"comment_status":"closed","ping_status":"closed","template":"","meta":{"footnotes":""},"class_list":["post-25","page","type-page","status-publish"],"_links":{"self":[{"href":"https:\/\/web.ifac.edu.br\/profept\/wp-json\/wp\/v2\/pages\/25","targetHints":{"allow":["GET"]}}],"collection":[{"href":"https:\/\/web.ifac.edu.br\/profept\/wp-json\/wp\/v2\/pages"}],"about":[{"href":"https:\/\/web.ifac.edu.br\/profept\/wp-json\/wp\/v2\/types\/page"}],"author":[{"embeddable":true,"href":"https:\/\/web.ifac.edu.br\/profept\/wp-json\/wp\/v2\/users\/27"}],"replies":[{"embeddable":true,"href":"https:\/\/web.ifac.edu.br\/profept\/wp-json\/wp\/v2\/comments?post=25"}],"version-history":[{"count":0,"href":"https:\/\/web.ifac.edu.br\/profept\/wp-json\/wp\/v2\/pages\/25\/revisions"}],"wp:attachment":[{"href":"https:\/\/web.ifac.edu.br\/profept\/wp-json\/wp\/v2\/media?parent=25"}],"curies":[{"name":"wp","href":"https:\/\/api.w.org\/{rel}","templated":true}]}}

<div data-elementor-type="wp-page" data-elementor-id="25" class="elementor elementor-25" data-elementor-settings="{&quot;ha_cmc_init_switcher&quot;:&quot;no&quot;}" data-elementor-post-type="page">
						<section class="elementor-section elementor-top-section elementor-element elementor-element-6ca89653 elementor-section-boxed elementor-section-height-default elementor-section-height-default" data-id="6ca89653" data-element_type="section" data-e-type="section" data-settings="{&quot;_ha_eqh_enable&quot;:false}">
						<div class="elementor-container elementor-column-gap-default">
					<div class="elementor-column elementor-col-100 elementor-top-column elementor-element elementor-element-3677cb87" data-id="3677cb87" data-element_type="column" data-e-type="column">
			<div class="elementor-widget-wrap elementor-element-populated">
						<div class="elementor-element elementor-element-5c51d235 elementor-widget elementor-widget-text-editor" data-id="5c51d235" data-element_type="widget" data-e-type="widget" data-widget_type="text-editor.default">
				<div class="elementor-widget-container">
									<h5><strong>Coordenação Acadêmica Local</strong></h5><ul><li>Prof. Dr. José Júlio Cesar do Nascimento Araújo -Coordenador Local</li><li>Prof. Dr. Luís Pedro de Melo Plese &#8211; Coordenador Adjunto</li></ul><h5>Instituto Federal de Educação Ciência e Tecnologia do Acre (Ifac)/Campus Rio Branco</h5><h5>Av. Brasil, n° 920 &#8211; Bairro Xavier Maia<br />Rio Branco/AC &#8211; CEP: 69.909-760<br /><strong>Telefone:</strong> + 55 68 2106-5908</h5><h5><strong>E-mail</strong>: <a href="mailto:profeptifac@ifac.edu.br">profeptifac@ifac.edu.b</a></h5>								</div>
				</div>
					</div>
		</div>
					</div>
		</section>
				</div>

<p>Coordenação Acadêmica Local Prof. Dr. José Júlio Cesar do Nascimento Araújo -Coordenador Local Prof. Dr. Luís Pedro de Melo Plese &#8211; Coordenador Adjunto Instituto Federal de Educação Ciência e Tecnologia do Acre (Ifac)/Campus Rio Branco Av. Brasil, n° 920 &#8211; Bairro Xavier MaiaRio Branco/AC &#8211; CEP: 69.909-760Telefone: + 55 68 2106-5908 E-mail: profeptifac@ifac.edu.b</p>
