{"id":14,"date":"2019-12-10T17:49:14","date_gmt":"2019-12-10T19:49:14","guid":{"rendered":"http:\/\/web.ifac.edu.br\/profept\/?page_id=14"},"modified":"2022-10-10T22:14:00","modified_gmt":"2022-10-11T01:14:00","slug":"selecao","status":"publish","type":"page","link":"https:\/\/web.ifac.edu.br\/profept\/selecao\/","title":{"rendered":"SELE\u00c7\u00c3O"},"content":{"rendered":"<p><a href=\"https:\/\/profept.ifes.edu.br\/selecao\/16468-ena23\" target=\"_blank\" rel=\"noopener\"><strong>Sele\u00e7\u00e3o &#8211; Turma 2023<\/strong><\/a><\/p>\n<p><strong><a href=\"https:\/\/profept.ifes.edu.br\/selecao\/16462-edital22\" target=\"_blank\" rel=\"noopener\">Sele\u00e7\u00e3o &#8211; Turma 2022<\/a><\/strong><\/p>\n<p><strong><a href=\"https:\/\/profept.ifes.edu.br\/selecao\" target=\"_blank\" rel=\"noopener noreferrer\">Sele\u00e7\u00e3o &#8211; Turma 2020<\/a><\/strong><\/p>\n<p><strong><a href=\"https:\/\/profept.ifes.edu.br\/selecao\/16409-edital2019\" target=\"_blank\" rel=\"noopener noreferrer\">Sele\u00e7\u00e3o &#8211; Turma 2019<\/a><\/strong><\/p>\n<p><strong><a href=\"https:\/\/profept.ifes.edu.br\/selecao\/edital2018-001\" target=\"_blank\" rel=\"noopener noreferrer\">Sele\u00e7\u00e3o &#8211; Turma 2018<\/a><\/strong><\/p>\n","protected":false},"excerpt":{"rendered":"<p>Sele\u00e7\u00e3o &#8211; Turma 2023 Sele\u00e7\u00e3o &#8211; Turma 2022 Sele\u00e7\u00e3o &#8211; Turma 2020 Sele\u00e7\u00e3o &#8211; Turma 2019 Sele\u00e7\u00e3o &#8211; Turma 2018<\/p>\n","protected":false},"author":27,"featured_media":0,"parent":0,"menu_order":0,"comment_status":"closed","ping_status":"closed","template":"","meta":{"footnotes":""},"class_list":["post-14","page","type-page","status-publish"],"_links":{"self":[{"href":"https:\/\/web.ifac.edu.br\/profept\/wp-json\/wp\/v2\/pages\/14","targetHints":{"allow":["GET"]}}],"collection":[{"href":"https:\/\/web.ifac.edu.br\/profept\/wp-json\/wp\/v2\/pages"}],"about":[{"href":"https:\/\/web.ifac.edu.br\/profept\/wp-json\/wp\/v2\/types\/page"}],"author":[{"embeddable":true,"href":"https:\/\/web.ifac.edu.br\/profept\/wp-json\/wp\/v2\/users\/27"}],"replies":[{"embeddable":true,"href":"https:\/\/web.ifac.edu.br\/profept\/wp-json\/wp\/v2\/comments?post=14"}],"version-history":[{"count":0,"href":"https:\/\/web.ifac.edu.br\/profept\/wp-json\/wp\/v2\/pages\/14\/revisions"}],"wp:attachment":[{"href":"https:\/\/web.ifac.edu.br\/profept\/wp-json\/wp\/v2\/media?parent=14"}],"curies":[{"name":"wp","href":"https:\/\/api.w.org\/{rel}","templated":true}]}}

SELEÇÃO

<p><a href="https://profept.ifes.edu.br/selecao/16468-ena23" target="_blank" rel="noopener"><strong>Seleção &#8211; Turma 2023</strong></a></p>
<p><strong><a href="https://profept.ifes.edu.br/selecao/16462-edital22" target="_blank" rel="noopener">Seleção &#8211; Turma 2022</a></strong></p>
<p><strong><a href="https://profept.ifes.edu.br/selecao" target="_blank" rel="noopener noreferrer">Seleção &#8211; Turma 2020</a></strong></p>
<p><strong><a href="https://profept.ifes.edu.br/selecao/16409-edital2019" target="_blank" rel="noopener noreferrer">Seleção &#8211; Turma 2019</a></strong></p>
<p><strong><a href="https://profept.ifes.edu.br/selecao/edital2018-001" target="_blank" rel="noopener noreferrer">Seleção &#8211; Turma 2018</a></strong></p>

<p>Seleção &#8211; Turma 2023 Seleção &#8211; Turma 2022 Seleção &#8211; Turma 2020 Seleção &#8211; Turma 2019 Seleção &#8211; Turma 2018</p>
