{"id":2950,"date":"2018-10-17T22:32:05","date_gmt":"2018-10-17T22:32:05","guid":{"rendered":"http:\/\/web.ifac.edu.br\/processoseletivo\/?page_id=2950"},"modified":"2019-10-30T19:24:32","modified_gmt":"2019-10-30T19:24:32","slug":"tecnico-em-recursos-pesqueiros","status":"publish","type":"page","link":"https:\/\/web.ifac.edu.br\/processoseletivo\/tecnico-em-recursos-pesqueiros\/","title":{"rendered":"T\u00e9cnico em Recursos Pesqueiros"},"content":{"rendered":"\t\t<div data-elementor-type=\"wp-post\" data-elementor-id=\"2950\" class=\"elementor elementor-2950\" data-elementor-settings=\"{&quot;ha_cmc_init_switcher&quot;:&quot;no&quot;}\" data-elementor-post-type=\"page\">\n\t\t\t\t\t\t<section class=\"elementor-section elementor-top-section elementor-element elementor-element-955a2fc elementor-section-boxed elementor-section-height-default elementor-section-height-default\" data-id=\"955a2fc\" data-element_type=\"section\" data-e-type=\"section\" data-settings=\"{&quot;_ha_eqh_enable&quot;:false}\">\n\t\t\t\t\t\t<div class=\"elementor-container elementor-column-gap-default\">\n\t\t\t\t\t<div class=\"elementor-column elementor-col-100 elementor-top-column elementor-element elementor-element-f382508\" data-id=\"f382508\" data-element_type=\"column\" data-e-type=\"column\">\n\t\t\t<div class=\"elementor-widget-wrap elementor-element-populated\">\n\t\t\t\t\t\t<div class=\"elementor-element elementor-element-92f9936 elementor-widget elementor-widget-image\" data-id=\"92f9936\" data-element_type=\"widget\" data-e-type=\"widget\" data-widget_type=\"image.default\">\n\t\t\t\t<div class=\"elementor-widget-container\">\n\t\t\t\t\t\t\t\t\t\t\t\t\t\t\t<img fetchpriority=\"high\" decoding=\"async\" width=\"956\" height=\"500\" src=\"https:\/\/web.ifac.edu.br\/processoseletivo\/wp-content\/uploads\/sites\/15\/2017\/01\/pesca-e-aquicultura-1380930035257_956x500.jpg\" class=\"attachment-large size-large wp-image-672\" alt=\"\" srcset=\"https:\/\/web.ifac.edu.br\/processoseletivo\/wp-content\/uploads\/sites\/15\/2017\/01\/pesca-e-aquicultura-1380930035257_956x500.jpg 956w, https:\/\/web.ifac.edu.br\/processoseletivo\/wp-content\/uploads\/sites\/15\/2017\/01\/pesca-e-aquicultura-1380930035257_956x500-300x157.jpg 300w, https:\/\/web.ifac.edu.br\/processoseletivo\/wp-content\/uploads\/sites\/15\/2017\/01\/pesca-e-aquicultura-1380930035257_956x500-768x402.jpg 768w\" sizes=\"(max-width: 956px) 100vw, 956px\" \/>\t\t\t\t\t\t\t\t\t\t\t\t\t\t\t<\/div>\n\t\t\t\t<\/div>\n\t\t\t\t\t<\/div>\n\t\t<\/div>\n\t\t\t\t\t<\/div>\n\t\t<\/section>\n\t\t\t\t<section class=\"elementor-section elementor-top-section elementor-element elementor-element-a3016ce elementor-section-boxed elementor-section-height-default elementor-section-height-default\" data-id=\"a3016ce\" data-element_type=\"section\" data-e-type=\"section\" data-settings=\"{&quot;_ha_eqh_enable&quot;:false}\">\n\t\t\t\t\t\t<div class=\"elementor-container elementor-column-gap-default\">\n\t\t\t\t\t<div class=\"elementor-column elementor-col-100 elementor-top-column elementor-element elementor-element-d924504\" data-id=\"d924504\" data-element_type=\"column\" data-e-type=\"column\">\n\t\t\t<div class=\"elementor-widget-wrap elementor-element-populated\">\n\t\t\t\t\t\t<div class=\"elementor-element elementor-element-0daa807 elementor-widget elementor-widget-heading\" data-id=\"0daa807\" data-element_type=\"widget\" data-e-type=\"widget\" data-widget_type=\"heading.default\">\n\t\t\t\t<div class=\"elementor-widget-container\">\n\t\t\t\t\t<h2 class=\"elementor-heading-title elementor-size-default\">T\u00e9cnico em Recursos Pesqueiros<\/h2>\t\t\t\t<\/div>\n\t\t\t\t<\/div>\n\t\t\t\t\t<\/div>\n\t\t<\/div>\n\t\t\t\t\t<\/div>\n\t\t<\/section>\n\t\t\t\t<section class=\"elementor-section elementor-top-section elementor-element elementor-element-d826a29 elementor-section-boxed elementor-section-height-default elementor-section-height-default\" data-id=\"d826a29\" data-element_type=\"section\" data-e-type=\"section\" data-settings=\"{&quot;_ha_eqh_enable&quot;:false}\">\n\t\t\t\t\t\t<div class=\"elementor-container elementor-column-gap-default\">\n\t\t\t\t\t<div class=\"elementor-column elementor-col-100 elementor-top-column elementor-element elementor-element-91f83bd\" data-id=\"91f83bd\" data-element_type=\"column\" data-e-type=\"column\">\n\t\t\t<div class=\"elementor-widget-wrap elementor-element-populated\">\n\t\t\t\t\t\t<section class=\"elementor-section elementor-inner-section elementor-element elementor-element-872f8c9 elementor-section-boxed elementor-section-height-default elementor-section-height-default\" data-id=\"872f8c9\" data-element_type=\"section\" data-e-type=\"section\" data-settings=\"{&quot;_ha_eqh_enable&quot;:false}\">\n\t\t\t\t\t\t<div class=\"elementor-container elementor-column-gap-default\">\n\t\t\t\t\t<div class=\"elementor-column elementor-col-50 elementor-inner-column elementor-element elementor-element-3a4991e\" data-id=\"3a4991e\" data-element_type=\"column\" data-e-type=\"column\">\n\t\t\t<div class=\"elementor-widget-wrap elementor-element-populated\">\n\t\t\t\t\t\t<div class=\"elementor-element elementor-element-ade38de elementor-widget elementor-widget-text-editor\" data-id=\"ade38de\" data-element_type=\"widget\" data-e-type=\"widget\" data-widget_type=\"text-editor.default\">\n\t\t\t\t<div class=\"elementor-widget-container\">\n\t\t\t\t\t\t\t\t\t<p><strong>Curso:<\/strong> T\u00e9cnico em Recursos Pesqueiros<\/p><p><strong>Eixo Tecnol\u00f3gico:<\/strong> \u00a0Recursos Naturais<\/p><p><strong>Modalidade:<\/strong> Presencial<\/p><p><strong>Forma de Oferta:<\/strong> Subsequente ao Ensino M\u00e9dio<\/p><p><strong>Carga hor\u00e1ria:<\/strong> 1.250 horas<\/p><p><strong>Dura\u00e7\u00e3o:<\/strong> 3 semestres<\/p><p><strong>Turno de Oferta:<\/strong> Diurno<\/p>\t\t\t\t\t\t\t\t<\/div>\n\t\t\t\t<\/div>\n\t\t\t\t\t<\/div>\n\t\t<\/div>\n\t\t\t\t<div class=\"elementor-column elementor-col-50 elementor-inner-column elementor-element elementor-element-e065230\" data-id=\"e065230\" data-element_type=\"column\" data-e-type=\"column\">\n\t\t\t<div class=\"elementor-widget-wrap elementor-element-populated\">\n\t\t\t\t\t\t<div class=\"elementor-element elementor-element-b678ee0 elementor-widget elementor-widget-text-editor\" data-id=\"b678ee0\" data-element_type=\"widget\" data-e-type=\"widget\" data-widget_type=\"text-editor.default\">\n\t\t\t\t<div class=\"elementor-widget-container\">\n\t\t\t\t\t\t\t\t\t<p><strong>Descri\u00e7\u00e3o: <\/strong>O egresso do Curso T\u00e9cnico Subsequente ao Ensino M\u00e9dio em Recursos Pesqueiros realiza opera\u00e7\u00f5es do setor pesqueiro com base no manejo e na qualidade dos produtos; aprimora a sustentabilidade dos recursos naturais e da biodiversidade aqu\u00edcola; analisa e avalia os aspectos t\u00e9cnicos, sociais e econ\u00f4micos da cadeia produtiva do setor pesqueiro; monitora o uso da \u00e1gua com vistas \u00e0 explora\u00e7\u00e3o dos recursos pesqueiros; planeja, organiza, dirige e controla as opera\u00e7\u00f5es de pesca; monitora instala\u00e7\u00f5es, montagens, opera\u00e7\u00f5es e manuseios de apetrechos, m\u00e1quinas e equipamentos, processamento e refrigera\u00e7\u00e3o dos produtos.<\/p><p><strong>Possibilidades de atua\u00e7\u00e3o:<\/strong> institui\u00e7\u00f5es do setor aqu\u00edcola e pesqueiro; empresas de beneficiamento de pescado; laborat\u00f3rios de reprodu\u00e7\u00e3o e qualidade de \u00e1gua, larvicultura e engorda e de forma aut\u00f4noma.<\/p>\t\t\t\t\t\t\t\t<\/div>\n\t\t\t\t<\/div>\n\t\t\t\t\t<\/div>\n\t\t<\/div>\n\t\t\t\t\t<\/div>\n\t\t<\/section>\n\t\t\t\t\t<\/div>\n\t\t<\/div>\n\t\t\t\t\t<\/div>\n\t\t<\/section>\n\t\t\t\t<\/div>\n\t\t","protected":false},"excerpt":{"rendered":"<p>T\u00e9cnico em Recursos Pesqueiros Curso: T\u00e9cnico em Recursos Pesqueiros Eixo Tecnol\u00f3gico: \u00a0Recursos Naturais Modalidade: Presencial Forma de Oferta: Subsequente ao Ensino M\u00e9dio Carga hor\u00e1ria: 1.250 horas Dura\u00e7\u00e3o: 3 semestres Turno de Oferta: Diurno Descri\u00e7\u00e3o: O egresso do Curso T\u00e9cnico Subsequente ao Ensino M\u00e9dio em Recursos Pesqueiros realiza opera\u00e7\u00f5es do setor pesqueiro com base no manejo [&hellip;]<\/p>\n","protected":false},"author":21,"featured_media":0,"parent":0,"menu_order":0,"comment_status":"closed","ping_status":"closed","template":"","meta":{"_acf_changed":false,"footnotes":""},"class_list":["post-2950","page","type-page","status-publish","hentry"],"acf":[],"_links":{"self":[{"href":"https:\/\/web.ifac.edu.br\/processoseletivo\/wp-json\/wp\/v2\/pages\/2950","targetHints":{"allow":["GET"]}}],"collection":[{"href":"https:\/\/web.ifac.edu.br\/processoseletivo\/wp-json\/wp\/v2\/pages"}],"about":[{"href":"https:\/\/web.ifac.edu.br\/processoseletivo\/wp-json\/wp\/v2\/types\/page"}],"author":[{"embeddable":true,"href":"https:\/\/web.ifac.edu.br\/processoseletivo\/wp-json\/wp\/v2\/users\/21"}],"replies":[{"embeddable":true,"href":"https:\/\/web.ifac.edu.br\/processoseletivo\/wp-json\/wp\/v2\/comments?post=2950"}],"version-history":[{"count":0,"href":"https:\/\/web.ifac.edu.br\/processoseletivo\/wp-json\/wp\/v2\/pages\/2950\/revisions"}],"wp:attachment":[{"href":"https:\/\/web.ifac.edu.br\/processoseletivo\/wp-json\/wp\/v2\/media?parent=2950"}],"curies":[{"name":"wp","href":"https:\/\/api.w.org\/{rel}","templated":true}]}}

Técnico em Recursos Pesqueiros

<div data-elementor-type="wp-post" data-elementor-id="2950" class="elementor elementor-2950" data-elementor-settings="{&quot;ha_cmc_init_switcher&quot;:&quot;no&quot;}" data-elementor-post-type="page">
						<section class="elementor-section elementor-top-section elementor-element elementor-element-955a2fc elementor-section-boxed elementor-section-height-default elementor-section-height-default" data-id="955a2fc" data-element_type="section" data-e-type="section" data-settings="{&quot;_ha_eqh_enable&quot;:false}">
						<div class="elementor-container elementor-column-gap-default">
					<div class="elementor-column elementor-col-100 elementor-top-column elementor-element elementor-element-f382508" data-id="f382508" data-element_type="column" data-e-type="column">
			<div class="elementor-widget-wrap elementor-element-populated">
						<div class="elementor-element elementor-element-92f9936 elementor-widget elementor-widget-image" data-id="92f9936" data-element_type="widget" data-e-type="widget" data-widget_type="image.default">
				<div class="elementor-widget-container">
															<img fetchpriority="high" decoding="async" width="956" height="500" src="https://web.ifac.edu.br/processoseletivo/wp-content/uploads/sites/15/2017/01/pesca-e-aquicultura-1380930035257_956x500.jpg" class="attachment-large size-large wp-image-672" alt="" srcset="https://web.ifac.edu.br/processoseletivo/wp-content/uploads/sites/15/2017/01/pesca-e-aquicultura-1380930035257_956x500.jpg 956w, https://web.ifac.edu.br/processoseletivo/wp-content/uploads/sites/15/2017/01/pesca-e-aquicultura-1380930035257_956x500-300x157.jpg 300w, https://web.ifac.edu.br/processoseletivo/wp-content/uploads/sites/15/2017/01/pesca-e-aquicultura-1380930035257_956x500-768x402.jpg 768w" sizes="(max-width: 956px) 100vw, 956px" />															</div>
				</div>
					</div>
		</div>
					</div>
		</section>
				<section class="elementor-section elementor-top-section elementor-element elementor-element-a3016ce elementor-section-boxed elementor-section-height-default elementor-section-height-default" data-id="a3016ce" data-element_type="section" data-e-type="section" data-settings="{&quot;_ha_eqh_enable&quot;:false}">
						<div class="elementor-container elementor-column-gap-default">
					<div class="elementor-column elementor-col-100 elementor-top-column elementor-element elementor-element-d924504" data-id="d924504" data-element_type="column" data-e-type="column">
			<div class="elementor-widget-wrap elementor-element-populated">
						<div class="elementor-element elementor-element-0daa807 elementor-widget elementor-widget-heading" data-id="0daa807" data-element_type="widget" data-e-type="widget" data-widget_type="heading.default">
				<div class="elementor-widget-container">
					<h2 class="elementor-heading-title elementor-size-default">Técnico em Recursos Pesqueiros</h2>				</div>
				</div>
					</div>
		</div>
					</div>
		</section>
				<section class="elementor-section elementor-top-section elementor-element elementor-element-d826a29 elementor-section-boxed elementor-section-height-default elementor-section-height-default" data-id="d826a29" data-element_type="section" data-e-type="section" data-settings="{&quot;_ha_eqh_enable&quot;:false}">
						<div class="elementor-container elementor-column-gap-default">
					<div class="elementor-column elementor-col-100 elementor-top-column elementor-element elementor-element-91f83bd" data-id="91f83bd" data-element_type="column" data-e-type="column">
			<div class="elementor-widget-wrap elementor-element-populated">
						<section class="elementor-section elementor-inner-section elementor-element elementor-element-872f8c9 elementor-section-boxed elementor-section-height-default elementor-section-height-default" data-id="872f8c9" data-element_type="section" data-e-type="section" data-settings="{&quot;_ha_eqh_enable&quot;:false}">
						<div class="elementor-container elementor-column-gap-default">
					<div class="elementor-column elementor-col-50 elementor-inner-column elementor-element elementor-element-3a4991e" data-id="3a4991e" data-element_type="column" data-e-type="column">
			<div class="elementor-widget-wrap elementor-element-populated">
						<div class="elementor-element elementor-element-ade38de elementor-widget elementor-widget-text-editor" data-id="ade38de" data-element_type="widget" data-e-type="widget" data-widget_type="text-editor.default">
				<div class="elementor-widget-container">
									<p><strong>Curso:</strong> Técnico em Recursos Pesqueiros</p><p><strong>Eixo Tecnológico:</strong>  Recursos Naturais</p><p><strong>Modalidade:</strong> Presencial</p><p><strong>Forma de Oferta:</strong> Subsequente ao Ensino Médio</p><p><strong>Carga horária:</strong> 1.250 horas</p><p><strong>Duração:</strong> 3 semestres</p><p><strong>Turno de Oferta:</strong> Diurno</p>								</div>
				</div>
					</div>
		</div>
				<div class="elementor-column elementor-col-50 elementor-inner-column elementor-element elementor-element-e065230" data-id="e065230" data-element_type="column" data-e-type="column">
			<div class="elementor-widget-wrap elementor-element-populated">
						<div class="elementor-element elementor-element-b678ee0 elementor-widget elementor-widget-text-editor" data-id="b678ee0" data-element_type="widget" data-e-type="widget" data-widget_type="text-editor.default">
				<div class="elementor-widget-container">
									<p><strong>Descrição: </strong>O egresso do Curso Técnico Subsequente ao Ensino Médio em Recursos Pesqueiros realiza operações do setor pesqueiro com base no manejo e na qualidade dos produtos; aprimora a sustentabilidade dos recursos naturais e da biodiversidade aquícola; analisa e avalia os aspectos técnicos, sociais e econômicos da cadeia produtiva do setor pesqueiro; monitora o uso da água com vistas à exploração dos recursos pesqueiros; planeja, organiza, dirige e controla as operações de pesca; monitora instalações, montagens, operações e manuseios de apetrechos, máquinas e equipamentos, processamento e refrigeração dos produtos.</p><p><strong>Possibilidades de atuação:</strong> instituições do setor aquícola e pesqueiro; empresas de beneficiamento de pescado; laboratórios de reprodução e qualidade de água, larvicultura e engorda e de forma autônoma.</p>								</div>
				</div>
					</div>
		</div>
					</div>
		</section>
					</div>
		</div>
					</div>
		</section>
				</div>

<p>Técnico em Recursos Pesqueiros Curso: Técnico em Recursos Pesqueiros Eixo Tecnológico:  Recursos Naturais Modalidade: Presencial Forma de Oferta: Subsequente ao Ensino Médio Carga horária: 1.250 horas Duração: 3 semestres Turno de Oferta: Diurno Descrição: O egresso do Curso Técnico Subsequente ao Ensino Médio em Recursos Pesqueiros realiza operações do setor pesqueiro com base no manejo [&hellip;]</p>
