{"id":725,"date":"2017-12-15T02:34:44","date_gmt":"2017-12-15T04:34:44","guid":{"rendered":"http:\/\/web.ifac.edu.br\/fnmat\/?page_id=725"},"modified":"2018-01-29T18:02:39","modified_gmt":"2018-01-29T20:02:39","slug":"lugares-turisticos","status":"publish","type":"page","link":"https:\/\/web.ifac.edu.br\/fnmat\/lugares-turisticos\/","title":{"rendered":"Pontos Tur\u00edsticos"},"content":{"rendered":"<header class=\"entry-header\">\n<h1 class=\"entry-title\" style=\"text-align: left\">\u00a0Pontos Tur\u00edsticos<\/h1>\n<\/header>\n<div class=\"entry-content\" style=\"text-align: left\">\n<p>Rio Branco oferece atra\u00e7\u00f5es de turismo para todos os gostos. A capital acreana tem diversas \u00e1reas verdes com parques ecol\u00f3gicos, como o Horto Florestal, o Parque Tucum\u00e3, o Parque da Maternidade e o Parque Urbano Chico Mendes, onde tamb\u00e9m fica o zool\u00f3gico. No centro da cidade encontram-se muitos locais que podem interessar aos que visitam a capital acreana pela primeira vez, como o Museu da Borracha, o Memorial dos Autonomistas e o Pal\u00e1cio Rio Branco, localizado no centro do munic\u00edpio.<\/p>\n<p>\u00c0s margens do Rio Acre, pode-se visitar o Novo Mercado Velho e a Passarela Joaquim Macedo, al\u00e9m de desfrutar da bela paisagem das \u00e1guas do Rio mesclando com as constru\u00e7\u00f5es urbanas pr\u00f3ximas as suas margens.<\/p>\n<p>Veja abaixo informa\u00e7\u00f5es sobre alguns destes e outros pontos tur\u00edsticos de Rio Branco. As informa\u00e7\u00f5es e as fotos foram obtidas na p\u00e1gina da Secretaria de Estado de Turismo e Lazer (Setul) e tamb\u00e9m na p\u00e1gina da Ag\u00eancia de Not\u00edcias do Acre, da Secretaria de Estado de Comunica\u00e7\u00e3o (Secom). Para mais detalhes como hor\u00e1rio de visita\u00e7\u00e3o e endere\u00e7o, acesse o<strong>\u00a0<a href=\"http:\/\/www.ac.gov.br\/wps\/portal\/acre\/Acre\/home\" target=\"_blank\" rel=\"noopener\">Portal do Governo do Acre<\/a><\/strong>.<\/p>\n<p><a href=\"http:\/\/connepi.ifac.edu.br\/wp-content\/uploads\/2015\/02\/turismo-Biblioteca_Floresta_08-1.jpg\"><img decoding=\"async\" class=\"alignleft wp-image-518 size-thumbnail\" src=\"http:\/\/connepi.ifac.edu.br\/wp-content\/uploads\/2015\/02\/turismo-Biblioteca_Floresta_08-1-150x150.jpg\" alt=\"Biblioteca da Floresta\" width=\"150\" height=\"150\" \/><\/a><\/p>\n<p><strong>Biblioteca da Floresta<\/strong>\u00a0\u2013 A Biblioteca da Floresta possui um acervo especializado em assuntos e autores da Amaz\u00f4nia. Periodicamente, promove exposi\u00e7\u00f5es com temas relacionados aos seus objetivos. A biblioteca disp\u00f5e de um site (www.bibliotecadafloresta.com.br) com um importante acervo digital.<\/p>\n<\/div>\n<p>&nbsp;<\/p>\n<p>&nbsp;<\/p>\n<div class=\"entry-content\" style=\"text-align: left\">\n<p><strong><a href=\"http:\/\/connepi.ifac.edu.br\/wp-content\/uploads\/2015\/02\/turismo-casa-dos-povos-da-floresta-1.jpg\"><img decoding=\"async\" class=\"alignleft size-thumbnail wp-image-519\" src=\"http:\/\/connepi.ifac.edu.br\/wp-content\/uploads\/2015\/02\/turismo-casa-dos-povos-da-floresta-1-150x150.jpg\" alt=\"turismo-casa-dos-povos-da-floresta (1)\" width=\"150\" height=\"150\" \/><\/a>Casa dos Povos da Floresta<\/strong>\u00a0\u2013 Criada com o objetivo de valorizar os povos que tradicionalmente habitam nossa regi\u00e3o e guardar sua secular hist\u00f3ria de ocupa\u00e7\u00e3o por \u00edndios, seringueiros e ribeirinhos, a Casa dos Povos da Floresta foi inaugurada em 14 de abril de 2003. Sua arquitetura foi inspirada na morfologia de um quel\u00f4nio e nas malocas ind\u00edgenas. Uma exposi\u00e7\u00e3o permanente que retrata o imenso imagin\u00e1rio Amaz\u00f4nico, envolvendo seus mitos, lendas e cultura popular e uma exposi\u00e7\u00e3o de artesanatos das popula\u00e7\u00f5es tradicionais.<\/p>\n<\/div>\n<p>&nbsp;<\/p>\n<p>&nbsp;<\/p>\n<div class=\"entry-content\" style=\"text-align: left\">\n<p><strong><a href=\"http:\/\/connepi.ifac.edu.br\/wp-content\/uploads\/2015\/02\/turismo-mercado-velho-1.jpg\"><img decoding=\"async\" class=\"alignleft size-thumbnail wp-image-522\" src=\"http:\/\/connepi.ifac.edu.br\/wp-content\/uploads\/2015\/02\/turismo-mercado-velho-1-150x150.jpg\" alt=\"turismo-mercado-velho (1)\" width=\"150\" height=\"150\" \/><\/a>Mercado Velho<\/strong>\u00a0\u2013 O antigo Mercado Municipal, mais conhecido como Mercado Velho foi constru\u00eddo no final da d\u00e9cada de 20, na gest\u00e3o do Governador do Territ\u00f3rio, Hugo Carneiro. Sua constru\u00e7\u00e3o foi um marco na hist\u00f3ria da urbaniza\u00e7\u00e3o de Rio Branco por ter sido a primeira grande constru\u00e7\u00e3o em alvenaria da cidade. Recentemente passou por uma obra de revitaliza\u00e7\u00e3o que resgatou a import\u00e2ncia do espa\u00e7o e levou a popula\u00e7\u00e3o a visit\u00e1-lo com mais freq\u00fc\u00eancia. No pr\u00e9dio do Novo Mercado Velho, os antigos comerciantes, muitos com quarenta anos de atua\u00e7\u00e3o no local, foram mantidos em suas vendas, bares, lojinhas de ervas e produtos religiosos.<\/p>\n<\/div>\n<p>&nbsp;<\/p>\n<div class=\"entry-content\" style=\"text-align: left\">\n<p><strong><a href=\"http:\/\/connepi.ifac.edu.br\/wp-content\/uploads\/2015\/02\/turismo-memorial-autonomistas-1.jpg\"><img loading=\"lazy\" decoding=\"async\" class=\"alignleft size-thumbnail wp-image-521\" src=\"http:\/\/connepi.ifac.edu.br\/wp-content\/uploads\/2015\/02\/turismo-memorial-autonomistas-1-150x150.jpg\" alt=\"turismo-memorial-autonomistas (1)\" width=\"150\" height=\"150\" \/><\/a>Memorial dos Autonomistas<\/strong>\u00a0\u2013 Inaugurado em 20 de setembro de 2002 para mostrar, difundir e preservar a hist\u00f3ria do Movimento Autonomista do Acre, movimento pol\u00edtico respons\u00e1vel pela emancipa\u00e7\u00e3o do Acre \u00e0 condi\u00e7\u00e3o de Estado. No memorial, est\u00e1 o t\u00famulo do l\u00edder deste movimento Jos\u00e9 Guiomard dos Santos e de sua esposa L\u00eddia Hames. No pr\u00e9dio tamb\u00e9m h\u00e1 uma exposi\u00e7\u00e3o permanente contando todo o processo hist\u00f3rico dos Autonomistas.<\/p>\n<\/div>\n<p>&nbsp;<\/p>\n<p>&nbsp;<\/p>\n<div class=\"entry-content\" style=\"text-align: left\">\n<p><strong><a href=\"http:\/\/connepi.ifac.edu.br\/wp-content\/uploads\/2015\/02\/turismo-horto.jpg\"><img loading=\"lazy\" decoding=\"async\" class=\"alignleft size-thumbnail wp-image-534\" src=\"http:\/\/connepi.ifac.edu.br\/wp-content\/uploads\/2015\/02\/turismo-horto-150x150.jpg\" alt=\"turismo-horto\" width=\"150\" height=\"150\" \/><\/a>Horto Florestal<\/strong>\u00a0\u2013 Parque instalado na d\u00e9cada de 80, foi totalmente revitalizado em 2008. Com nova ilumina\u00e7\u00e3o, destacando o paisagismo, e a variedade da vegeta\u00e7\u00e3o existente nos 17 hectares do parque. S\u00e3o seringueiras, castanheiras, a\u00e7a\u00ed, pato\u00e1, abacaba, buriti, mangueiras, cupua\u00e7us, cedros, pau d\u2019arco, e outras que comp\u00f5em a flora acreana, al\u00e9m da diversidade de esp\u00e9cies vegetais, o Horto apresenta espa\u00e7os para a realiza\u00e7\u00e3o de atividades f\u00edsicas, eventos e trilhas ecol\u00f3gicas, a\u00e7ude com um deck, pista de caminhada e passarela sobre o a\u00e7ude e equipamentos de gin\u00e1stica.<\/p>\n<\/div>\n<p>&nbsp;<\/p>\n<p>&nbsp;<\/p>\n<div class=\"entry-content\" style=\"text-align: left\">\n<p><strong><a href=\"http:\/\/connepi.ifac.edu.br\/wp-content\/uploads\/2015\/02\/turismo-parque-chico05-1.jpg\"><img loading=\"lazy\" decoding=\"async\" class=\"alignleft size-thumbnail wp-image-524\" src=\"http:\/\/connepi.ifac.edu.br\/wp-content\/uploads\/2015\/02\/turismo-parque-chico05-1-150x150.jpg\" alt=\"turismo-parque-chico05 (1)\" width=\"150\" height=\"150\" \/><\/a>Parque Urbano Chico Mendes<\/strong>\u00a0\u2013 O nome presta homenagem ao l\u00edder seringueiro Chico Mendes, cuja luta inspirou o socioambientalismo. A \u00e1rea do parque possui 67 hectares de mata recuperada e preservada. Desses, 20 hectares s\u00e3o ocupados pela estrutura de visita\u00e7\u00e3o. O restante \u00e9 floresta cada vez mais densa, abrigo de pequenos animais que vivem soltos e n\u00e3o se espantam com a presen\u00e7a humana. Atualmente, o Parque abriga cerca de trezentos animais. \u00c9 um dos poucos zool\u00f3gicos no Brasil onde a entrada \u00e9 gratuita.<\/p>\n<\/div>\n<p>&nbsp;<\/p>\n<p>&nbsp;<\/p>\n<div class=\"entry-content\" style=\"text-align: left\">\n<p><strong><a href=\"http:\/\/connepi.ifac.edu.br\/wp-content\/uploads\/2015\/02\/turismo-maternidade06-1.jpg\"><img loading=\"lazy\" decoding=\"async\" class=\"alignleft size-thumbnail wp-image-520\" src=\"http:\/\/connepi.ifac.edu.br\/wp-content\/uploads\/2015\/02\/turismo-maternidade06-1-150x150.jpg\" alt=\"turismo-maternidade06 (1)\" width=\"150\" height=\"150\" \/><\/a><\/strong><\/p>\n<p><strong>Parque da Maternidade<\/strong>\u00a0\u2013 Inaugurado em 28 de setembro de 2002, \u00e9 a obra que melhor expressa a modernidade urban\u00edstica com valor comunit\u00e1rio na cidade de Rio Branco. Com uma extens\u00e3o de 6.000 metros, abrange parte da cidade. Possui pista de rolamento para carros, ciclovias, cal\u00e7amento para pedestre estruturado para a pr\u00e1tica de caminhadas, playground, pista de skate, quadras de esporte, anfiteatro, biblioteca, museu, pra\u00e7as, restaurantes e lanchonetes. \u00c9 um lugar de descontra\u00e7\u00e3o para um bom papo, para a pr\u00e1tica de esportes e lazer.<\/p>\n<\/div>\n<p>&nbsp;<\/p>\n<p>&nbsp;<\/p>\n<div class=\"entry-content\" style=\"text-align: left\">\n<p><strong><a href=\"http:\/\/connepi.ifac.edu.br\/wp-content\/uploads\/2015\/02\/turismo-palacio07-1.jpg\"><img loading=\"lazy\" decoding=\"async\" class=\"alignleft size-thumbnail wp-image-523\" src=\"http:\/\/connepi.ifac.edu.br\/wp-content\/uploads\/2015\/02\/turismo-palacio07-1-150x150.jpg\" alt=\"Palacio Rio Branco\" width=\"150\" height=\"150\" \/><\/a>Pal\u00e1cio Rio Branco<\/strong>\u00a0\u2013 O Pal\u00e1cio Rio Branco, sede do Governo do Acre, iniciou sua constru\u00e7\u00e3o na d\u00e9cada de 1920. Seu projeto arquitet\u00f4nico foi elaborado pelo arquiteto alem\u00e3o Alberto Massler, inspirado das edifica\u00e7\u00f5es gregas com suas colunas de ordem d\u00f3ricas e j\u00f4nicas na fachada principal. Inaugurado em 1930, por\u00e9m, suas obras s\u00f3 foram conclu\u00eddas no Governo de Jos\u00e9 Guiomard dos Santos em 1948. Em junho de 2002 foi revitalizado incorporando uma fun\u00e7\u00e3o cultural com exposi\u00e7\u00f5es que apresentam as diversas fases da hist\u00f3ria do povo acreano por interm\u00e9dio de textos, objetos hist\u00f3ricos, fotografias e depoimentos. No p\u00e1tio do Pal\u00e1cio, podemos contemplar o Obelisco dos Her\u00f3is da Revolu\u00e7\u00e3o, constru\u00eddo da d\u00e9cada de 1930, em homenagem aos combatentes da Revolu\u00e7\u00e3o Acreana e a fonte da sagra\u00e7\u00e3o, popularmente conhecida como luminosa, constru\u00edda em 25 de julho de 1948, em homenagem ao primeiro Bispo do Acre Dom Julio Matioli.<\/p>\n<\/div>\n<p>&nbsp;<\/p>\n<div class=\"entry-content\" style=\"text-align: left\">\n<p><strong><a href=\"http:\/\/connepi.ifac.edu.br\/wp-content\/uploads\/2015\/02\/turismo-usina-secom-1.jpg\"><img loading=\"lazy\" decoding=\"async\" class=\"alignleft size-thumbnail wp-image-526\" src=\"http:\/\/connepi.ifac.edu.br\/wp-content\/uploads\/2015\/02\/turismo-usina-secom-1-150x150.jpg\" alt=\"turismo-usina-secom (1)\" width=\"150\" height=\"150\" \/><\/a>Usina de Arte Jo\u00e3o Donato<\/strong>\u00a0\u2013 Surgiu dos escombros da velha usina de beneficiamento de castanha, que estava abandonada h\u00e1 mais de uma d\u00e9cada e foi transformada em uma escola de artes onde s\u00e3o oferecidas oficinas de m\u00fasica, artes c\u00eanicas e cinema. O antigo galp\u00e3o da usina hoje disp\u00f5e de teatro, salas de aula, salas de exposi\u00e7\u00e3o, restaurantes e biblioteca.<\/p>\n<\/div>\n<p>&nbsp;<\/p>\n<p>&nbsp;<\/p>\n<p>(<em>Fonte: Governo do Estado do Acre<\/em>)<\/p>\n","protected":false},"excerpt":{"rendered":"<p>\u00a0Pontos Tur\u00edsticos Rio Branco oferece atra\u00e7\u00f5es de turismo para todos os gostos. A capital acreana tem diversas \u00e1reas verdes com parques ecol\u00f3gicos, como o Horto Florestal, o Parque Tucum\u00e3, o Parque da Maternidade e o Parque Urbano Chico Mendes, onde tamb\u00e9m fica o zool\u00f3gico. No centro da cidade encontram-se muitos locais que podem interessar aos [&hellip;]<\/p>\n","protected":false},"author":15,"featured_media":0,"parent":0,"menu_order":0,"comment_status":"closed","ping_status":"closed","template":"","meta":{"footnotes":""},"class_list":["post-725","page","type-page","status-publish","hentry"],"_links":{"self":[{"href":"https:\/\/web.ifac.edu.br\/fnmat\/wp-json\/wp\/v2\/pages\/725","targetHints":{"allow":["GET"]}}],"collection":[{"href":"https:\/\/web.ifac.edu.br\/fnmat\/wp-json\/wp\/v2\/pages"}],"about":[{"href":"https:\/\/web.ifac.edu.br\/fnmat\/wp-json\/wp\/v2\/types\/page"}],"author":[{"embeddable":true,"href":"https:\/\/web.ifac.edu.br\/fnmat\/wp-json\/wp\/v2\/users\/15"}],"replies":[{"embeddable":true,"href":"https:\/\/web.ifac.edu.br\/fnmat\/wp-json\/wp\/v2\/comments?post=725"}],"version-history":[{"count":0,"href":"https:\/\/web.ifac.edu.br\/fnmat\/wp-json\/wp\/v2\/pages\/725\/revisions"}],"wp:attachment":[{"href":"https:\/\/web.ifac.edu.br\/fnmat\/wp-json\/wp\/v2\/media?parent=725"}],"curies":[{"name":"wp","href":"https:\/\/api.w.org\/{rel}","templated":true}]}}

Pontos Turísticos

<header class="entry-header">
<h1 class="entry-title" style="text-align: left"> Pontos Turísticos</h1>
</header>
<div class="entry-content" style="text-align: left">
<p>Rio Branco oferece atrações de turismo para todos os gostos. A capital acreana tem diversas áreas verdes com parques ecológicos, como o Horto Florestal, o Parque Tucumã, o Parque da Maternidade e o Parque Urbano Chico Mendes, onde também fica o zoológico. No centro da cidade encontram-se muitos locais que podem interessar aos que visitam a capital acreana pela primeira vez, como o Museu da Borracha, o Memorial dos Autonomistas e o Palácio Rio Branco, localizado no centro do município.</p>
<p>Às margens do Rio Acre, pode-se visitar o Novo Mercado Velho e a Passarela Joaquim Macedo, além de desfrutar da bela paisagem das águas do Rio mesclando com as construções urbanas próximas as suas margens.</p>
<p>Veja abaixo informações sobre alguns destes e outros pontos turísticos de Rio Branco. As informações e as fotos foram obtidas na página da Secretaria de Estado de Turismo e Lazer (Setul) e também na página da Agência de Notícias do Acre, da Secretaria de Estado de Comunicação (Secom). Para mais detalhes como horário de visitação e endereço, acesse o<strong> <a href="http://www.ac.gov.br/wps/portal/acre/Acre/home" target="_blank" rel="noopener">Portal do Governo do Acre</a></strong>.</p>
<p><a href="http://connepi.ifac.edu.br/wp-content/uploads/2015/02/turismo-Biblioteca_Floresta_08-1.jpg"><img decoding="async" class="alignleft wp-image-518 size-thumbnail" src="http://connepi.ifac.edu.br/wp-content/uploads/2015/02/turismo-Biblioteca_Floresta_08-1-150x150.jpg" alt="Biblioteca da Floresta" width="150" height="150" /></a></p>
<p><strong>Biblioteca da Floresta</strong> – A Biblioteca da Floresta possui um acervo especializado em assuntos e autores da Amazônia. Periodicamente, promove exposições com temas relacionados aos seus objetivos. A biblioteca dispõe de um site (www.bibliotecadafloresta.com.br) com um importante acervo digital.</p>
</div>
<p>&nbsp;</p>
<p>&nbsp;</p>
<div class="entry-content" style="text-align: left">
<p><strong><a href="http://connepi.ifac.edu.br/wp-content/uploads/2015/02/turismo-casa-dos-povos-da-floresta-1.jpg"><img decoding="async" class="alignleft size-thumbnail wp-image-519" src="http://connepi.ifac.edu.br/wp-content/uploads/2015/02/turismo-casa-dos-povos-da-floresta-1-150x150.jpg" alt="turismo-casa-dos-povos-da-floresta (1)" width="150" height="150" /></a>Casa dos Povos da Floresta</strong> – Criada com o objetivo de valorizar os povos que tradicionalmente habitam nossa região e guardar sua secular história de ocupação por índios, seringueiros e ribeirinhos, a Casa dos Povos da Floresta foi inaugurada em 14 de abril de 2003. Sua arquitetura foi inspirada na morfologia de um quelônio e nas malocas indígenas. Uma exposição permanente que retrata o imenso imaginário Amazônico, envolvendo seus mitos, lendas e cultura popular e uma exposição de artesanatos das populações tradicionais.</p>
</div>
<p>&nbsp;</p>
<p>&nbsp;</p>
<div class="entry-content" style="text-align: left">
<p><strong><a href="http://connepi.ifac.edu.br/wp-content/uploads/2015/02/turismo-mercado-velho-1.jpg"><img decoding="async" class="alignleft size-thumbnail wp-image-522" src="http://connepi.ifac.edu.br/wp-content/uploads/2015/02/turismo-mercado-velho-1-150x150.jpg" alt="turismo-mercado-velho (1)" width="150" height="150" /></a>Mercado Velho</strong> – O antigo Mercado Municipal, mais conhecido como Mercado Velho foi construído no final da década de 20, na gestão do Governador do Território, Hugo Carneiro. Sua construção foi um marco na história da urbanização de Rio Branco por ter sido a primeira grande construção em alvenaria da cidade. Recentemente passou por uma obra de revitalização que resgatou a importância do espaço e levou a população a visitá-lo com mais freqüência. No prédio do Novo Mercado Velho, os antigos comerciantes, muitos com quarenta anos de atuação no local, foram mantidos em suas vendas, bares, lojinhas de ervas e produtos religiosos.</p>
</div>
<p>&nbsp;</p>
<div class="entry-content" style="text-align: left">
<p><strong><a href="http://connepi.ifac.edu.br/wp-content/uploads/2015/02/turismo-memorial-autonomistas-1.jpg"><img loading="lazy" decoding="async" class="alignleft size-thumbnail wp-image-521" src="http://connepi.ifac.edu.br/wp-content/uploads/2015/02/turismo-memorial-autonomistas-1-150x150.jpg" alt="turismo-memorial-autonomistas (1)" width="150" height="150" /></a>Memorial dos Autonomistas</strong> – Inaugurado em 20 de setembro de 2002 para mostrar, difundir e preservar a história do Movimento Autonomista do Acre, movimento político responsável pela emancipação do Acre à condição de Estado. No memorial, está o túmulo do líder deste movimento José Guiomard dos Santos e de sua esposa Lídia Hames. No prédio também há uma exposição permanente contando todo o processo histórico dos Autonomistas.</p>
</div>
<p>&nbsp;</p>
<p>&nbsp;</p>
<div class="entry-content" style="text-align: left">
<p><strong><a href="http://connepi.ifac.edu.br/wp-content/uploads/2015/02/turismo-horto.jpg"><img loading="lazy" decoding="async" class="alignleft size-thumbnail wp-image-534" src="http://connepi.ifac.edu.br/wp-content/uploads/2015/02/turismo-horto-150x150.jpg" alt="turismo-horto" width="150" height="150" /></a>Horto Florestal</strong> – Parque instalado na década de 80, foi totalmente revitalizado em 2008. Com nova iluminação, destacando o paisagismo, e a variedade da vegetação existente nos 17 hectares do parque. São seringueiras, castanheiras, açaí, patoá, abacaba, buriti, mangueiras, cupuaçus, cedros, pau d’arco, e outras que compõem a flora acreana, além da diversidade de espécies vegetais, o Horto apresenta espaços para a realização de atividades físicas, eventos e trilhas ecológicas, açude com um deck, pista de caminhada e passarela sobre o açude e equipamentos de ginástica.</p>
</div>
<p>&nbsp;</p>
<p>&nbsp;</p>
<div class="entry-content" style="text-align: left">
<p><strong><a href="http://connepi.ifac.edu.br/wp-content/uploads/2015/02/turismo-parque-chico05-1.jpg"><img loading="lazy" decoding="async" class="alignleft size-thumbnail wp-image-524" src="http://connepi.ifac.edu.br/wp-content/uploads/2015/02/turismo-parque-chico05-1-150x150.jpg" alt="turismo-parque-chico05 (1)" width="150" height="150" /></a>Parque Urbano Chico Mendes</strong> – O nome presta homenagem ao líder seringueiro Chico Mendes, cuja luta inspirou o socioambientalismo. A área do parque possui 67 hectares de mata recuperada e preservada. Desses, 20 hectares são ocupados pela estrutura de visitação. O restante é floresta cada vez mais densa, abrigo de pequenos animais que vivem soltos e não se espantam com a presença humana. Atualmente, o Parque abriga cerca de trezentos animais. É um dos poucos zoológicos no Brasil onde a entrada é gratuita.</p>
</div>
<p>&nbsp;</p>
<p>&nbsp;</p>
<div class="entry-content" style="text-align: left">
<p><strong><a href="http://connepi.ifac.edu.br/wp-content/uploads/2015/02/turismo-maternidade06-1.jpg"><img loading="lazy" decoding="async" class="alignleft size-thumbnail wp-image-520" src="http://connepi.ifac.edu.br/wp-content/uploads/2015/02/turismo-maternidade06-1-150x150.jpg" alt="turismo-maternidade06 (1)" width="150" height="150" /></a></strong></p>
<p><strong>Parque da Maternidade</strong> – Inaugurado em 28 de setembro de 2002, é a obra que melhor expressa a modernidade urbanística com valor comunitário na cidade de Rio Branco. Com uma extensão de 6.000 metros, abrange parte da cidade. Possui pista de rolamento para carros, ciclovias, calçamento para pedestre estruturado para a prática de caminhadas, playground, pista de skate, quadras de esporte, anfiteatro, biblioteca, museu, praças, restaurantes e lanchonetes. É um lugar de descontração para um bom papo, para a prática de esportes e lazer.</p>
</div>
<p>&nbsp;</p>
<p>&nbsp;</p>
<div class="entry-content" style="text-align: left">
<p><strong><a href="http://connepi.ifac.edu.br/wp-content/uploads/2015/02/turismo-palacio07-1.jpg"><img loading="lazy" decoding="async" class="alignleft size-thumbnail wp-image-523" src="http://connepi.ifac.edu.br/wp-content/uploads/2015/02/turismo-palacio07-1-150x150.jpg" alt="Palacio Rio Branco" width="150" height="150" /></a>Palácio Rio Branco</strong> – O Palácio Rio Branco, sede do Governo do Acre, iniciou sua construção na década de 1920. Seu projeto arquitetônico foi elaborado pelo arquiteto alemão Alberto Massler, inspirado das edificações gregas com suas colunas de ordem dóricas e jônicas na fachada principal. Inaugurado em 1930, porém, suas obras só foram concluídas no Governo de José Guiomard dos Santos em 1948. Em junho de 2002 foi revitalizado incorporando uma função cultural com exposições que apresentam as diversas fases da história do povo acreano por intermédio de textos, objetos históricos, fotografias e depoimentos. No pátio do Palácio, podemos contemplar o Obelisco dos Heróis da Revolução, construído da década de 1930, em homenagem aos combatentes da Revolução Acreana e a fonte da sagração, popularmente conhecida como luminosa, construída em 25 de julho de 1948, em homenagem ao primeiro Bispo do Acre Dom Julio Matioli.</p>
</div>
<p>&nbsp;</p>
<div class="entry-content" style="text-align: left">
<p><strong><a href="http://connepi.ifac.edu.br/wp-content/uploads/2015/02/turismo-usina-secom-1.jpg"><img loading="lazy" decoding="async" class="alignleft size-thumbnail wp-image-526" src="http://connepi.ifac.edu.br/wp-content/uploads/2015/02/turismo-usina-secom-1-150x150.jpg" alt="turismo-usina-secom (1)" width="150" height="150" /></a>Usina de Arte João Donato</strong> – Surgiu dos escombros da velha usina de beneficiamento de castanha, que estava abandonada há mais de uma década e foi transformada em uma escola de artes onde são oferecidas oficinas de música, artes cênicas e cinema. O antigo galpão da usina hoje dispõe de teatro, salas de aula, salas de exposição, restaurantes e biblioteca.</p>
</div>
<p>&nbsp;</p>
<p>&nbsp;</p>
<p>(<em>Fonte: Governo do Estado do Acre</em>)</p>

<p> Pontos Turísticos Rio Branco oferece atrações de turismo para todos os gostos. A capital acreana tem diversas áreas verdes com parques ecológicos, como o Horto Florestal, o Parque Tucumã, o Parque da Maternidade e o Parque Urbano Chico Mendes, onde também fica o zoológico. No centro da cidade encontram-se muitos locais que podem interessar aos [&hellip;]</p>
