{"id":1064,"date":"2020-11-25T18:58:58","date_gmt":"2020-11-25T23:58:58","guid":{"rendered":"https:\/\/web.ifac.edu.br\/conct\/?page_id=1064"},"modified":"2023-11-27T11:27:19","modified_gmt":"2023-11-27T16:27:19","slug":"anais","status":"publish","type":"page","link":"https:\/\/web.ifac.edu.br\/conct\/anais\/","title":{"rendered":"ANAIS"},"content":{"rendered":"<p><em>Acesse os Cadernos de Ci\u00eancia e Tecnologia do Congresso de Ci\u00eancia e Tecnologia (Conc&amp;t) do Instituto Federal do Acre:<\/em><\/p>\n<ul>\n<li><a href=\"https:\/\/drive.google.com\/file\/d\/1fanyQ9il-xXDtzOXwYy2sJFtSkPY0R2o\/view?usp=sharing\" target=\"_blank\" rel=\"noopener\">Caderno de Ci\u00eancia e Tecnologia 2016 (Vol. I)<\/a>;<\/li>\n<li><a href=\"https:\/\/drive.google.com\/file\/d\/10gvSnQamzq6GGRfL-8niaUfhFWuYBn1-\/view?usp=sharing\" target=\"_blank\" rel=\"noopener\">Caderno de Ci\u00eancia e Tecnologia 2016 (Vol. II)<\/a>;<\/li>\n<li><a href=\"https:\/\/drive.google.com\/file\/d\/17gklIMw5u4AICw9G-DOgEffzkKdI6EH5\/view?usp=sharing\" target=\"_blank\" rel=\"noopener\">Caderno de Ci\u00eancia e Tecnologia 2017<\/a>;<\/li>\n<li><a href=\"https:\/\/drive.google.com\/file\/d\/1Z82XZ7ahlickanvy-tsGuRFATEmDveqD\/view?usp=sharing\" target=\"_blank\" rel=\"noopener\">Caderno de Ci\u00eancia e Tecnologia 2018<\/a>;<\/li>\n<li><a href=\"https:\/\/drive.google.com\/file\/d\/1DxE4cj-DkXR-88fEELeLIuz8W9YhwE1d\/view?usp=sharing\" target=\"_blank\" rel=\"noopener\">Caderno de Ci\u00eancia e Tecnologia 2019<\/a>;<\/li>\n<li><a href=\"https:\/\/drive.google.com\/file\/d\/1uMYGk5mqAp2U9mFHjGwlfe-PfyenGFPr\/view?usp=sharing\" target=\"_blank\" rel=\"noopener\">Caderno de Ci\u00eancia e Tecnologia 2020<\/a>;<\/li>\n<li><a href=\"https:\/\/drive.google.com\/file\/d\/1yy5BY9KOcV32kYcne5lHRIDdeyxNGYOy\/view?usp=sharing\" target=\"_blank\" rel=\"noopener\">Caderno de Ci\u00eancia e Tecnologia 2021<\/a>;<\/li>\n<li><a class=\"internal-link\" title=\"\" href=\"https:\/\/www.ifac.edu.br\/o-ifac\/pesquisa-inovacao-e-pos-graduacao\/revistas-cientificas\/anais_conct_-2022_v8_23112022.pdf\" rel=\"noopener\" data-tippreview-image=\"\" data-tippreview-title=\"\" data-tippreview-enabled=\"false\">Caderno de Ci\u00eancia e Tecnologia 2022<\/a>;<\/li>\n<li><a href=\"https:\/\/www.ifac.edu.br\/o-ifac\/pesquisa-inovacao-e-pos-graduacao\/revistas-cientificas\/1.Anais_Conct2023Volume911.pdf\" target=\"_blank\" rel=\"noopener\">Caderno de Ci\u00eancia e Tecnologia 2023<\/a>;<\/li>\n<\/ul>\n<p><em>Acesse as edi\u00e7\u00f5es da revista cient\u00edfica Conex\u00e3o na Amaz\u00f4nia, do Instituto Federal do Acre:<\/em><\/p>\n<ul>\n<li><a href=\"https:\/\/periodicos.ifac.edu.br\/index.php\/revistarca\/issue\/archive\" target=\"_blank\" rel=\"noopener\">Revista Conex\u00e3o na Amaz\u00f4nia<\/a>;<\/li>\n<\/ul>\n","protected":false},"excerpt":{"rendered":"<p>Acesse os Cadernos de Ci\u00eancia e Tecnologia do Congresso de Ci\u00eancia e Tecnologia (Conc&amp;t) do Instituto Federal do Acre: Caderno de Ci\u00eancia e Tecnologia 2016 (Vol. I); Caderno de Ci\u00eancia e Tecnologia 2016 (Vol. II); Caderno de Ci\u00eancia e Tecnologia 2017; Caderno de Ci\u00eancia e Tecnologia 2018; Caderno de Ci\u00eancia e Tecnologia 2019; Caderno de [&hellip;]<\/p>\n","protected":false},"author":27,"featured_media":0,"parent":0,"menu_order":0,"comment_status":"closed","ping_status":"closed","template":"","meta":{"footnotes":""},"class_list":["post-1064","page","type-page","status-publish","hentry"],"_links":{"self":[{"href":"https:\/\/web.ifac.edu.br\/conct\/wp-json\/wp\/v2\/pages\/1064","targetHints":{"allow":["GET"]}}],"collection":[{"href":"https:\/\/web.ifac.edu.br\/conct\/wp-json\/wp\/v2\/pages"}],"about":[{"href":"https:\/\/web.ifac.edu.br\/conct\/wp-json\/wp\/v2\/types\/page"}],"author":[{"embeddable":true,"href":"https:\/\/web.ifac.edu.br\/conct\/wp-json\/wp\/v2\/users\/27"}],"replies":[{"embeddable":true,"href":"https:\/\/web.ifac.edu.br\/conct\/wp-json\/wp\/v2\/comments?post=1064"}],"version-history":[{"count":0,"href":"https:\/\/web.ifac.edu.br\/conct\/wp-json\/wp\/v2\/pages\/1064\/revisions"}],"wp:attachment":[{"href":"https:\/\/web.ifac.edu.br\/conct\/wp-json\/wp\/v2\/media?parent=1064"}],"curies":[{"name":"wp","href":"https:\/\/api.w.org\/{rel}","templated":true}]}}